{"id":8878,"date":"2022-02-10T12:04:29","date_gmt":"2022-02-10T11:04:29","guid":{"rendered":"https:\/\/santabaia.es\/?page_id=8878"},"modified":"2022-02-10T12:06:48","modified_gmt":"2022-02-10T11:06:48","slug":"baia-radio","status":"publish","type":"page","link":"https:\/\/santabaia.es\/?page_id=8878","title":{"rendered":"BAIA RADIO"},"content":{"rendered":"\n<p>Podes escoitar os \u00faltimos programas da Baia Radio (d\u00edgocho eu) e da Baia Radio M\u00fasica directamente desde a nosa web!<\/p>\n\n\n\n<p><\/p>\n\n\n\n<figure class=\"wp-block-image size-large is-resized\"><a href=\"https:\/\/santabaia.es\/?cat=123\" target=\"_blank\" rel=\"noopener\"><img loading=\"lazy\" decoding=\"async\" src=\"https:\/\/santabaia.es\/wp-content\/uploads\/2022\/02\/baia-radio.jpg\" alt=\"\" class=\"wp-image-8879\" width=\"220\" height=\"165\" srcset=\"https:\/\/santabaia.es\/wp-content\/uploads\/2022\/02\/baia-radio.jpg 500w, https:\/\/santabaia.es\/wp-content\/uploads\/2022\/02\/baia-radio-300x225.jpg 300w\" sizes=\"auto, (max-width: 220px) 100vw, 220px\" \/><\/a><figcaption>Baia Radio (D\u00edgocho eu!)<\/figcaption><\/figure>\n\n\n\n<figure class=\"wp-block-image size-large is-resized\"><a href=\"https:\/\/santabaia.es\/?cat=122\" target=\"_blank\" rel=\"noopener\"><img loading=\"lazy\" decoding=\"async\" src=\"https:\/\/santabaia.es\/wp-content\/uploads\/2022\/02\/br-musica.png\" alt=\"\" class=\"wp-image-8880\" width=\"128\" height=\"100\"\/><\/a><figcaption>Baia Radio M\u00fasica<\/figcaption><\/figure>\n\n\n\n<p><\/p>\n","protected":false},"excerpt":{"rendered":"<p>Podes escoitar os \u00faltimos programas da Baia Radio (d\u00edgocho eu) e da Baia Radio M\u00fasica directamente desde a nosa web!<\/p>\n","protected":false},"author":2,"featured_media":0,"parent":0,"menu_order":0,"comment_status":"closed","ping_status":"closed","template":"","meta":{"footnotes":""},"class_list":["post-8878","page","type-page","status-publish","hentry"],"_links":{"self":[{"href":"https:\/\/santabaia.es\/index.php?rest_route=\/wp\/v2\/pages\/8878","targetHints":{"allow":["GET"]}}],"collection":[{"href":"https:\/\/santabaia.es\/index.php?rest_route=\/wp\/v2\/pages"}],"about":[{"href":"https:\/\/santabaia.es\/index.php?rest_route=\/wp\/v2\/types\/page"}],"author":[{"embeddable":true,"href":"https:\/\/santabaia.es\/index.php?rest_route=\/wp\/v2\/users\/2"}],"replies":[{"embeddable":true,"href":"https:\/\/santabaia.es\/index.php?rest_route=%2Fwp%2Fv2%2Fcomments&post=8878"}],"version-history":[{"count":3,"href":"https:\/\/santabaia.es\/index.php?rest_route=\/wp\/v2\/pages\/8878\/revisions"}],"predecessor-version":[{"id":8884,"href":"https:\/\/santabaia.es\/index.php?rest_route=\/wp\/v2\/pages\/8878\/revisions\/8884"}],"wp:attachment":[{"href":"https:\/\/santabaia.es\/index.php?rest_route=%2Fwp%2Fv2%2Fmedia&parent=8878"}],"curies":[{"name":"wp","href":"https:\/\/api.w.org\/{rel}","templated":true}]}}