{"id":7658,"date":"2020-08-25T11:21:52","date_gmt":"2020-08-25T11:21:52","guid":{"rendered":"https:\/\/santabaia.es\/?page_id=7658"},"modified":"2020-09-27T17:12:59","modified_gmt":"2020-09-27T17:12:59","slug":"baia-aula-virtual","status":"publish","type":"page","link":"https:\/\/santabaia.es\/?page_id=7658","title":{"rendered":"BAIA AULA VIRTUAL"},"content":{"rendered":"\n<p>Aqu\u00ed atoparas enlace directo \u00e1 t\u00faa aula, titoriais, resoluci\u00f3n de d\u00fabidas&#8230;<\/p>\n\n\n\n<div class=\"wp-block-image\"><figure class=\"aligncenter\"><img loading=\"lazy\" decoding=\"async\" width=\"427\" height=\"239\" src=\"https:\/\/santabaia.es\/wp-content\/uploads\/2020\/08\/aula-virtual.jpg\" alt=\"\" class=\"wp-image-7659\" srcset=\"https:\/\/santabaia.es\/wp-content\/uploads\/2020\/08\/aula-virtual.jpg 427w, https:\/\/santabaia.es\/wp-content\/uploads\/2020\/08\/aula-virtual-300x168.jpg 300w\" sizes=\"auto, (max-width: 427px) 100vw, 427px\" \/><\/figure><\/div>\n\n\n\n<p style=\"text-align:center\"><a href=\"https:\/\/www.edu.xunta.gal\/centros\/ceipsantabaia\/aulavirtual\/\">ACCESO \u00c1 AULA VIRTUAL<\/a><\/p>\n\n\n\n<p style=\"text-align:center\"><strong>CURSOS SOBRE MOODLE (AULA VIRTUAL):<\/strong><\/p>\n\n\n\n<h3 class=\"wp-block-heading\"><strong>Titorial de acceso \u00e1 Aula Virtual para o ALUMNADO.<\/strong><\/h3>\n\n\n\n<iframe loading=\"lazy\" width=\"560\" height=\"315\" src=\"https:\/\/www.youtube.com\/embed\/SihKWwg0oFE\" frameborder=\"0\" allow=\"accelerometer; autoplay; clipboard-write; encrypted-media; gyroscope; picture-in-picture\" allowfullscreen=\"\"><\/iframe>\n\n\n\n<h3 class=\"wp-block-heading\"><strong>Titorial de acceso \u00e1 aula virtual para o PROFESORADO.<\/strong><\/h3>\n\n\n\n<iframe loading=\"lazy\" width=\"560\" height=\"315\" src=\"https:\/\/www.youtube.com\/embed\/JTBT8dYpmrI\" frameborder=\"0\" allow=\"accelerometer; autoplay; encrypted-media; gyroscope; picture-in-picture\" allowfullscreen=\"\"><\/iframe>\n\n\n\n<p><\/p>\n\n\n\n<h4 class=\"wp-block-heading\"><a href=\"https:\/\/www.edu.xunta.gal\/centros\/websdinamicas\/aulavirtual\/course\/view.php?id=49\">Moodle 2.6 &#8211; Documentaci\u00f3n para o profesorado editor de cursos<\/a><\/h4>\n\n\n\n<p><\/p>\n\n\n\n<h4 class=\"wp-block-heading\"><a href=\"https:\/\/www.edu.xunta.gal\/centros\/websdinamicas\/aulavirtual\/course\/view.php?id=4\">Moodle por Juan Casado (CEIP A Sangri\u00f1a)<\/a><\/h4>\n\n\n\n<p><\/p>\n\n\n\n<h4 class=\"wp-block-heading\"><a href=\"https:\/\/www.edu.xunta.gal\/centros\/websdinamicas\/aulavirtual\/pluginfile.php\/5640\/mod_resource\/content\/2\/websdinamicas-guia-rapida-do-profesorado_v01.pdf\">Gu\u00eda r\u00e1pida para o profesorado.<\/a><\/h4>\n","protected":false},"excerpt":{"rendered":"<p>Aqu\u00ed atoparas enlace directo \u00e1 t\u00faa aula, titoriais, resoluci\u00f3n de d\u00fabidas&#8230; ACCESO \u00c1 AULA VIRTUAL CURSOS SOBRE MOODLE (AULA VIRTUAL): Titorial de acceso \u00e1 Aula Virtual para o ALUMNADO. Titorial de acceso \u00e1 aula virtual para o PROFESORADO. Moodle 2.6 &#8211; Documentaci\u00f3n para o profesorado editor de cursos Moodle por Juan Casado (CEIP A Sangri\u00f1a)<\/p>\n","protected":false},"author":2,"featured_media":0,"parent":0,"menu_order":0,"comment_status":"closed","ping_status":"closed","template":"","meta":{"footnotes":""},"class_list":["post-7658","page","type-page","status-publish","hentry"],"_links":{"self":[{"href":"https:\/\/santabaia.es\/index.php?rest_route=\/wp\/v2\/pages\/7658","targetHints":{"allow":["GET"]}}],"collection":[{"href":"https:\/\/santabaia.es\/index.php?rest_route=\/wp\/v2\/pages"}],"about":[{"href":"https:\/\/santabaia.es\/index.php?rest_route=\/wp\/v2\/types\/page"}],"author":[{"embeddable":true,"href":"https:\/\/santabaia.es\/index.php?rest_route=\/wp\/v2\/users\/2"}],"replies":[{"embeddable":true,"href":"https:\/\/santabaia.es\/index.php?rest_route=%2Fwp%2Fv2%2Fcomments&post=7658"}],"version-history":[{"count":17,"href":"https:\/\/santabaia.es\/index.php?rest_route=\/wp\/v2\/pages\/7658\/revisions"}],"predecessor-version":[{"id":7841,"href":"https:\/\/santabaia.es\/index.php?rest_route=\/wp\/v2\/pages\/7658\/revisions\/7841"}],"wp:attachment":[{"href":"https:\/\/santabaia.es\/index.php?rest_route=%2Fwp%2Fv2%2Fmedia&parent=7658"}],"curies":[{"name":"wp","href":"https:\/\/api.w.org\/{rel}","templated":true}]}}