{"id":4080,"date":"2018-02-01T13:21:53","date_gmt":"2018-02-01T13:21:53","guid":{"rendered":"http:\/\/santabaia.es\/?page_id=4080"},"modified":"2025-10-22T10:41:27","modified_gmt":"2025-10-22T09:41:27","slug":"documentos-do-centro","status":"publish","type":"page","link":"https:\/\/santabaia.es\/?page_id=4080","title":{"rendered":"Documentos do Centro"},"content":{"rendered":"\n<div class=\"wp-block-file\"><a id=\"wp-block-file--media-ca40e12e-4cd8-4dad-979d-38e8e87382f8\" href=\"https:\/\/santabaia.es\/wp-content\/uploads\/2025\/09\/Dereitos-e-deberes-Comunidade-Educativa_compressed.pdf\">Dereitos e deberes Comunidade Educativa<\/a><a href=\"https:\/\/santabaia.es\/wp-content\/uploads\/2025\/09\/Dereitos-e-deberes-Comunidade-Educativa_compressed.pdf\" class=\"wp-block-file__button wp-element-button\" download aria-describedby=\"wp-block-file--media-ca40e12e-4cd8-4dad-979d-38e8e87382f8\">Descarga<\/a><\/div>\n\n\n\n<p><a href=\"https:\/\/www.edu.xunta.gal\/proens\/AccesoPublicoListaxe-listaxeBaleira.action\">PROGRAMACI\u00d3NS DID\u00c1CTICAS E CONCRECI\u00d3N CURRICULAR<\/a><\/p>\n\n\n\n<p>No enlace anterior pode consultar as programaci\u00f3ns did\u00e1cticas do centro, indique o c\u00f3digo no primeiro cadro (15021500) e sinale nos despregables a programaci\u00f3n a consultar.<\/p>\n\n\n\n<div class=\"wp-block-file\"><a id=\"wp-block-file--media-458d15ac-64b2-4b61-8047-1d7e454fc108\" href=\"https:\/\/santabaia.es\/wp-content\/uploads\/2025\/02\/PXA-24-25_sBaia.pdf\">PXA 24-25<\/a><a href=\"https:\/\/santabaia.es\/wp-content\/uploads\/2025\/02\/PXA-24-25_sBaia.pdf\" class=\"wp-block-file__button wp-element-button\" download aria-describedby=\"wp-block-file--media-458d15ac-64b2-4b61-8047-1d7e454fc108\">Descarga<\/a><\/div>\n\n\n\n<p><strong>Plan dixital de Centro<\/strong>: <a href=\"https:\/\/santabaia.es\/wp-content\/uploads\/2022\/07\/PLAN-DIXITAL-CENTRO-SANTA-BAIA-xuno22.pdf\" target=\"_blank\" rel=\"noopener\">VER<\/a><\/p>\n\n\n\n<p><strong>Normas de Organizaci\u00f3n e Funcionamento de Centro (NOFC)<\/strong><\/p>\n\n\n\n<div class=\"wp-block-file\"><a id=\"wp-block-file--media-8b5f3f27-7077-451e-8f76-9d17244c70a4\" href=\"https:\/\/santabaia.es\/wp-content\/uploads\/2025\/09\/NOFC-actualizacion-xuno-2025.pdf\">NOFC actualizaci\u00f3n xu\u00f1o 2025<\/a><a href=\"https:\/\/santabaia.es\/wp-content\/uploads\/2025\/09\/NOFC-actualizacion-xuno-2025.pdf\" class=\"wp-block-file__button wp-element-button\" download aria-describedby=\"wp-block-file--media-8b5f3f27-7077-451e-8f76-9d17244c70a4\">Descarga<\/a><\/div>\n\n\n\n<p><strong>Plan de Convivencia do Centro<\/strong>: <a href=\"https:\/\/santabaia.es\/wp-content\/uploads\/2019\/02\/Plan-de-Convivencia.pdf\">VER<\/a><\/p>\n\n\n\n<p>Neste colexio non existe unha gran problem\u00e1tica neste punto, polo que as medidas van dirixidas cara a prevenci\u00f3n. Ademais do relatado no proxecto (consello dos nenos, caixa de correos da convivencia, formaci\u00f3n do profesorado&#8230;) estanse levando (ou poranse en marcha nos pr\u00f3ximos meses) patios din\u00e1micos, espazos do recreo sensoriais, mellora da accesibilidade cognitiva (contratos-programa)&#8230; No apartado de <a href=\"https:\/\/santabaia.es\/?cat=97\">Convivencia e inclusi\u00f3n<\/a> te\u00f1en m\u00e1is informaci\u00f3n.<\/p>\n\n\n\n<p>Estamos elaborando o novo PEC (proxecto educativo) do centro, aqu\u00ed poden ir vendo a evoluci\u00f3n:<\/p>\n\n\n\n<div class=\"wp-block-file\"><a id=\"wp-block-file--media-aa513d86-0401-45e2-a3c3-0d566bbf3f2b\" href=\"https:\/\/santabaia.es\/wp-content\/uploads\/2019\/03\/inicio-PEC.pdf\">inicio PEC<\/a><a href=\"https:\/\/santabaia.es\/wp-content\/uploads\/2019\/03\/inicio-PEC.pdf\" class=\"wp-block-file__button wp-element-button\" download aria-describedby=\"wp-block-file--media-aa513d86-0401-45e2-a3c3-0d566bbf3f2b\">Descargar<\/a><\/div>\n\n\n\n<p><\/p>\n\n\n\n<div class=\"wp-block-file\"><a id=\"wp-block-file--media-0d21ebb8-34b4-4fdc-8c2d-09864e5c7ec5\" href=\"https:\/\/santabaia.es\/wp-content\/uploads\/2023\/02\/Plan-de-adaptacion-infantil-.pdf\">Plan-de-adaptacion-infantil-<\/a><a href=\"https:\/\/santabaia.es\/wp-content\/uploads\/2023\/02\/Plan-de-adaptacion-infantil-.pdf\" class=\"wp-block-file__button wp-element-button\" download aria-describedby=\"wp-block-file--media-0d21ebb8-34b4-4fdc-8c2d-09864e5c7ec5\">Descarga<\/a><\/div>\n\n\n\n<p><\/p>\n\n\n\n<p><a href=\"https:\/\/santabaia.es\/wp-content\/uploads\/2023\/03\/reclamacions.jpg\" target=\"_blank\" rel=\"noreferrer noopener\">PERIODOS DE RECLAMACI\u00d3N<\/a> das \u00abnotas\u00bb obtidas nas avaliaci\u00f3ns finais.<\/p>\n\n\n\n<div class=\"wp-block-file\"><a id=\"wp-block-file--media-b92d5053-f43d-4ff4-8878-5e9018282b16\" href=\"https:\/\/santabaia.es\/wp-content\/uploads\/2023\/03\/instrucion_2-2023_asinada.pdf\">instrucion_2-2023_Avaliaci\u00f3n e reclamaci\u00f3ns<\/a><a href=\"https:\/\/santabaia.es\/wp-content\/uploads\/2023\/03\/instrucion_2-2023_asinada.pdf\" class=\"wp-block-file__button wp-element-button\" download aria-describedby=\"wp-block-file--media-b92d5053-f43d-4ff4-8878-5e9018282b16\">Descarga<\/a><\/div>\n\n\n\n<p><\/p>\n","protected":false},"excerpt":{"rendered":"<p>PROGRAMACI\u00d3NS DID\u00c1CTICAS E CONCRECI\u00d3N CURRICULAR No enlace anterior pode consultar as programaci\u00f3ns did\u00e1cticas do centro, indique o c\u00f3digo no primeiro cadro (15021500) e sinale nos despregables a programaci\u00f3n a consultar. Plan dixital de Centro: VER Normas de Organizaci\u00f3n e Funcionamento de Centro (NOFC) Plan de Convivencia do Centro: VER Neste colexio non existe unha gran<\/p>\n","protected":false},"author":2,"featured_media":0,"parent":0,"menu_order":0,"comment_status":"closed","ping_status":"closed","template":"","meta":{"footnotes":""},"class_list":["post-4080","page","type-page","status-publish","hentry"],"_links":{"self":[{"href":"https:\/\/santabaia.es\/index.php?rest_route=\/wp\/v2\/pages\/4080","targetHints":{"allow":["GET"]}}],"collection":[{"href":"https:\/\/santabaia.es\/index.php?rest_route=\/wp\/v2\/pages"}],"about":[{"href":"https:\/\/santabaia.es\/index.php?rest_route=\/wp\/v2\/types\/page"}],"author":[{"embeddable":true,"href":"https:\/\/santabaia.es\/index.php?rest_route=\/wp\/v2\/users\/2"}],"replies":[{"embeddable":true,"href":"https:\/\/santabaia.es\/index.php?rest_route=%2Fwp%2Fv2%2Fcomments&post=4080"}],"version-history":[{"count":66,"href":"https:\/\/santabaia.es\/index.php?rest_route=\/wp\/v2\/pages\/4080\/revisions"}],"predecessor-version":[{"id":11221,"href":"https:\/\/santabaia.es\/index.php?rest_route=\/wp\/v2\/pages\/4080\/revisions\/11221"}],"wp:attachment":[{"href":"https:\/\/santabaia.es\/index.php?rest_route=%2Fwp%2Fv2%2Fmedia&parent=4080"}],"curies":[{"name":"wp","href":"https:\/\/api.w.org\/{rel}","templated":true}]}}